 Let h = j - -91. Is h prime?
False
Let u = -6654 + 10345. Is u prime?
True
Let t = -4346 - -6805. Is t prime?
True
Let a(o) be the third derivative of o**5/20 - o**4/6 + 5*o**3/3 - 2*o**2. Suppose 10*r - 54 = 4*r. Is a(r) prime?
False
Suppose 15*q = 19*q - 17812. Let r = 6572 - q. Is r a prime number?
False
Suppose 0*w = -4*w + 11612. Is w prime?
True
Let q = 6 - 2. Suppose -q*v + 8691 = -12001. Is v a composite number?
True
Let s = -64 + 67. Let y(b) = 6*b**2 - b + 0 - 4 + 0*b**2. Is y(s) a prime number?
True
Let j be 51/(-3 + 0) + 3. Let o(s) = 44*s**2 + 1. Let b be o(1). Let i = b + j. Is i a composite number?
False
Suppose 16 = 4*a + 36. Let u be (5/4)/(a/(-1900)). Suppose 0 = 3*k + 2*k - u. Is k composite?
True
Let z(a) = a**2 - 2*a + 3. Let y be z(2). Let c be y/(-5) + 24/40. Suppose -3*q + 633 = -c*q. Is q a composite number?
False
Suppose 3*b = 5*o + 32261 - 155217, -2*b + 98378 = 4*o. Is o a composite number?
False
Is 7/2*(-99080)/(-140) a composite number?
False
Let j(r) = 6*r**3 - 2*r**2 - r - 14. Let k(t) = t**2 - t - 5. Let u be k(4). Is j(u) a prime number?
False
Let a(f) be the third derivative of -f**6/40 - f**5/60 - 2*f**4/3 - 7*f**3/2 - 7*f**2. Is a(-10) a composite number?
True
Let n(j) = j**2 - 6*j + 3. Let z be n(6). Suppose z*c - 151 = w, 0*w = 5*c - 2*w - 251. Is c composite?
True
Let i(v) = v**3 - 3*v**2 - 2*v - 5. Let o be i(4). Suppose o*k = 2*m - 256, -254 = 3*k + m - 5*m. Let h = k + 235. Is h composite?
False
Suppose -3*f + 9*f - 152754 = 0. Is f a composite number?
True
Suppose -2*a + 3 = 7. Let o(y) be the third derivative of -y**6/12 + y**5/30 + y**4/6 - y**3/6 - 4*y**2. Is o(a) composite?
False
Let g(m) = 180*m**2 + 17*m - 73. Let y(b) = 89*b**2 + 9*b - 37. Let x(i) = 4*g(i) - 7*y(i). Is x(-7) prime?
False
Let x(o) = 2*o**2 + 17*o - 123. Is x(24) a prime number?
False
Let m = -568 - -869. Is m a prime number?
False
Let r(g) = -g + 15. Let x = -28 + 41. Let c be r(x). Suppose 410 + 384 = c*n. Is n prime?
True
Let o = -9370 - 3162. Let d = -8922 - o. Suppose 3*q = -4*g + 2893, 2*q + 3*q = -5*g + d. Is g composite?
False
Suppose 0 = 4*h - 3*a - 8942, 3*h - 4752 - 1957 = a. Is h prime?
True
Let o(q) = 2*q**3 + q**2 - 2*q + 1. Let s be o(1). Suppose 3*p = -3*b, 0 = p - b - s - 6. Is 2/p*2*39 a prime number?
False
Let d = 3787 - 1864. Is d/4 + (-8)/(-32) composite?
True
Let d(q) = -2*q**3 + 12*q**2 + q - 6. Let t be d(6). Suppose t = -28*h + 11*h + 26537. Is h composite?
True
Suppose 0 = -930*d + 929*d + 20666. Is d composite?
True
Let o be ((-30905)/(-21) - -2) + 1/3. Is 3/4 + o/8 a prime number?
False
Let w(y) = -11*y**2 + y - 2. Let u be w(-3). Let j = -550 + 337. Let c = u - j. Is c composite?
False
Let d be ((-12)/(-10))/(1268/640 + -2). Suppose 3*h + 133 = r, -2*r + 294 - 38 = -h. Let i = r - d. Is i prime?
True
Suppose 6*a + 6 = 6. Suppose 4*r - 3692 - 2216 = a. Is r a prime number?
False
Suppose -2 + 497 = -5*y. Let c = 340 + y. Suppose -5*x - 2*h = -395, -3*x - h = h - c. Is x a composite number?
True
Is (-217106)/(-22) - (-6)/11 a prime number?
False
Suppose 5*y = 4*k + 5, 3*k + y - 8 = 12. Suppose -2*l - 5*a = -149, k*l + 3*a - 390 = 8*a. Is l prime?
False
Suppose 4*g = -2*a + 12, 0*g - 2*g - 2*a = -4. Is 65/5 + -3 + g prime?
False
Let m be ((-6)/2)/((-18)/24). Suppose -484 = -m*p + 672. Let n = p + -2. Is n a prime number?
False
Let o(w) = 49*w**2 + 299*w + 6 - 300*w + 3. Is o(3) a prime number?
False
Let u(q) = -q + 24. Let h be u(9). Let b(v) = 2*v**2 - v + 16. Is b(h) composite?
True
Suppose 192 + 553 = h + 3*m, 2*h + 3*m - 1496 = 0. Suppose -3*y = 3, -4*x - 5*y + 4006 = h. Is x prime?
False
Suppose 2*q - 42546 = 2*u, -3*q - 4*u - 106361 = -8*q. Is q a composite number?
False
Let v = 284 - 173. Let b = v - 77. Let f = -11 + b. Is f a composite number?
False
Let s(j) = 405*j + 16. Let w be s(11). Suppose -31549 = -6*k - w. Is k composite?
False
Let k(o) = 105*o**2 + 12*o + 7. Is k(8) prime?
True
Let t(x) = -x**3 - 31*x**2 - 68*x + 51. Is t(-29) prime?
False
Suppose 0 = -m - 2, -2665 = j + 4*m - 13140. Is j a prime number?
False
Suppose i - 4*t - 1027 = -2*i, -5*i + 1760 = 3*t. Let j = i + 913. Is j composite?
True
Suppose 9 = 11*v - 8*v. Is (v/15)/1 - 25298/(-35) a composite number?
True
Suppose 0 = -d - a + 18625, 4*d + 0*a = -a + 74512. Is d a composite number?
True
Suppose 2*t + 2 = -c, -3*c = 3*t - 8*c - 10. Suppose -5*y + j - 6*j + 3380 = t, -3*y + 4*j + 2063 = 0. Is y composite?
True
Suppose 0 = -10*f + 79684 + 32466. Is f composite?
True
Let y(i) be the second derivative of -i**3/6 + 37*i**2/2 + 10*i. Let x be y(14). Is (-6)/3 + x*9 a composite number?
True
Let n(y) = -2 + 412*y**2 - 2 + 2 + 3. Is n(-2) composite?
True
Suppose 5*x - 1 = 34. Let c(t) = 2*t**2 - 6*t + 1. Is c(x) a composite number?
True
Suppose -23 = -4*g + 25. Let c = 16 - g. Is 94/c + (-3)/6 a composite number?
False
Let k(p) = p**2 - 4*p - 10. Let h = 90 + -97. Is k(h) a prime number?
True
Let m be (-4640)/(-25) + (-3)/5. Let r = -51 + m. Is r prime?
False
Let s = 1519 - 964. Let k = s + 52. Suppose -k = -5*b + 3978. Is b a prime number?
False
Let w = 4 - 10. Let k be -4*-2*(-3)/w. Suppose -5*u + 185 = -5*h - 30, -3*h = -k*u + 176. Is u prime?
True
Let v = -5 - -9. Let a(k) = 29*k**2 + k + 2. Let c be a(-1). Suppose 0 = -s + v*r + c, -2*r - 32 = -2*s - r. Is s composite?
True
Let h(b) = 2*b**2. Let u be h(-1). Is ((-4)/u)/(8/(-3644)) composite?
False
Suppose 0 = r - 1 - 2. Suppose -151 = r*p - 5*p - 5*u, 5*u + 121 = 2*p. Let o = -37 + p. Is o a prime number?
True
Suppose -308 = 5*m + 407. Suppose -3*l + 16 = -5*z, 4*z - 5*l + 5 = -13. Is z*(4 + m + 2) a prime number?
False
Suppose 33*l - 17979 - 28122 = 0. Is l a composite number?
True
Suppose -1633 = -15*u + 68852. Is u a composite number?
True
Suppose 5*l + 2*p - 1081 = 2432, -5*p + 1422 = 2*l. Is l a prime number?
True
Suppose 5*w - 7 + 22 = 0, -2*g - 4*w = 2812. Let h = g - -2842. Suppose u + u = h. Is u a prime number?
False
Suppose g - 4*f = 21795, -g + 141*f = 143*f - 21771. Is g prime?
False
Is (-39731)/(-10) - 99/990 composite?
True
Let w(i) = 2915*i**2 - 5*i - 5. Is w(-2) prime?
False
Suppose -4*u - 297 = 5*m, 3*m = u + 6 + 47. Let i = -29 - u. Is i composite?
True
Let j(l) = l**2 - l - 5. Let i be j(-4). Let m be (i/6 - 2)*24. Is (-104)/m*(-6)/4 a composite number?
False
Suppose -15*j + 7*j = -25736. Let r = j - 1290. Is r a composite number?
True
Suppose -4*m - 3382 = -3*p, -8*p + 4*m + 5650 = -3*p. Suppose s = 4*t + 135 + 402, 2*s + 4*t - p = 0. Is s prime?
True
Let d = 3954 + -377. Suppose 3*a + 2713 = 2*i, 0 = 2*i + 2*a - d + 849. Is i composite?
False
Let m(c) = 6*c**2 - 4*c - 41. Let l be m(-20). Let t = l + -604. Is t a composite number?
True
Let a = 6592 + -4374. Suppose -a - 3067 = -5*o. Suppose 2*c + h - o = 0, -418 - 1154 = -3*c + 3*h. Is c prime?
False
Is 2/((-11)/(1817860/(-8))) a composite number?
True
Suppose 0*o + 307 = o - 2*z, z = 0. Is o a composite number?
False
Suppose 8*v = 4*v + 16. Let g be (6/v)/((-51)/(-136)). Suppose -g*u - 2*h + 298 = 0, u = 3*u - h - 147. Is u a prime number?
False
Suppose 0 = -2*s + v + 2, 4*v - 7 = 2*s - 15. Suppose 4*l = -x - 25, 29 + 16 = -4*l - 5*x. Is (521 + s)*(-5)/l composite?
False
Suppose -14*b - 1966 = -38492. Is b a composite number?
False
Suppose v - 5*d - 25 = 0, 4*d + 20 = 7*v - 2*v. Let n(g) = g**3 - 5*g**2 + 299. Is n(v) composite?
True
Let y = 4525 - -21906. Is y a composite number?
False
Suppose 3*h = 20 - 2. Suppose -h*u = -141 - 249. Is u a prime number?
False
Suppose -3*i - 4*x + 8 = 0, 12 = -5*x - 8. Let f(j) = j - 5. Let t be f(i). Suppose t*a = a + 26. Is a composite?
False
Let t = -315 - 63. Let n = -127 - t. Is n composite?
False
Suppose -6*d - 2 + 8 = 0. Suppose 4*z + g = 8, 3*z + 4*g - d = 18. Is -54*(-9 + 3) - z a composite number?
True
Suppose 3*u - 2*u + 5*z - 55 = 0, 27 = u - 2*z. Let i be (6/(-21))/((-1)/u). Suppose -9*b + i*b - 727 = 0. Is b composite?
False
Is ((-2590)/25)/(6/(-15)) a prime number?
False
Let r(a) = a**2 + 8*a + 11. Let s be r(-9). Let l be (-84)/(((-16)/s)/4). Let w = 1373 - l. Is w a composite number?
False
Let s = 3621 + -2507. Is s a composite number?
True
Let q be -1*(-3 - 6/(-2)). Suppose -4*u + 6*u - 406 = q. Is u prime?
False
Suppose 4*n - 44456 = -4*n. Is n